0 - 13. Let b be m(n). Suppose 0*f - b = -f. Is f a prime number?
True
Suppose -5*h + 11*h - 9582 = 0. Is h a prime number?
True
Let w be (4/6)/2*9. Let y(v) = -v**3 + 3*v**2 - 3*v + 4. Let s be y(w). Let g(z) = -z**2 - 9*z + 1. Is g(s) a composite number?
True
Suppose -5*x = -4*g + 3345, -2*g - 3*x = -3*g + 838. Suppose m + 3*f = 154, -5*m = -f + 3*f - g. Is m composite?
True
Suppose 4*f - 850 = -334. Let b = f - 214. Let w = b + 154. Is w a composite number?
True
Suppose -4*o + 970 = o + y, 5*o - 2*y - 985 = 0. Let b = o + 104. Is b a composite number?
True
Suppose 0 = 2*w - 5*s - 520, 2*s = -2*w - 2*s + 502. Suppose -4*j - x + 507 = -0*x, 2*j = x + w. Is j a prime number?
True
Let r(p) = 5*p**2. Let o be r(-1). Suppose -2*k + 154 = -4*u - 0, 0 = o*k - u - 412. Is k prime?
True
Let s = -421 - -654. Is s a composite number?
False
Let q = 39 + 14. Is q prime?
True
Let y = -24 - -17. Is ((-3)/(-1))/(y/(-77)) prime?
False
Suppose 0*n = 5*n - 5*v - 10, -16 = -2*n + 5*v. Let q be 1*162 - (3 + n). Suppose -l - 1 = -3, 2*l + q = 3*r. Is r a prime number?
False
Suppose 5391 = 15*i - 6*i. Is i prime?
True
Suppose -2*k = -141 + 7. Is k composite?
False
Let r = 89 - 61. Let o(t) = -2*t - 9. Let c be o(-6). Suppose 7*j = c*j + r. Is j a prime number?
True
Suppose 4 = l + 2. Suppose -2*f - 1605 = -8*m + 3*m, -3*f - 653 = -l*m. Is m a prime number?
False
Let r(m) = m**3 + 6*m**2 + 3*m + 5. Is r(-4) a composite number?
True
Suppose 3*h - 3*m - 2382 = 0, -h + 3194 = 3*h + 2*m. Is h a composite number?
False
Let p(f) = 5*f**2 - 8*f + 11. Is p(-8) composite?
True
Let w(k) = 24*k**2 + 2*k - 1. Suppose i + 4 = 5*i. Let x be w(i). Suppose 0*u = 2*q - 3*u - 19, -2*q + x = 3*u. Is q composite?
False
Suppose -w = -4*w + 3. Let i(d) = 39*d**2. Is i(w) composite?
True
Suppose -1074 - 292 = -2*o. Is o a composite number?
False
Let a = 164 + -99. Is a a composite number?
True
Suppose -2*j - 2796 = 4*c, 2*j + c = 7*j + 7001. Let m = j + 2457. Is m a prime number?
False
Let f = -764 + 1119. Is f a prime number?
False
Suppose -n + 3 + 1 = 0. Suppose 5*i = -h + 190, 3*i - 7*i + 2*h + 166 = 0. Suppose -z = -n*z + i. Is z composite?
False
Let u = 214 + 369. Is u prime?
False
Suppose -3*s - 4453 = -21256. Is s prime?
False
Let k(w) = 3*w + 17. Let a be k(-7). Is 5 + a - -1*158 a prime number?
False
Suppose -5*k + 10 = -w - 0*w, 5*k - 25 = -2*w. Suppose -5*m + 3*h + 272 = 0, 0*m + k*h + 107 = 2*m. Is m composite?
True
Suppose 4*u - 4*f = 44, u + 2*f = 4*u - 29. Suppose 0 = a + u - 59. Is (a/(-8))/((-2)/20) a composite number?
True
Suppose -5*d - 1 = h, -2*h + 38 = -3*d + 5*d. Let w = -14 + h. Let m = 13 + w. Is m composite?
False
Suppose -d + 2 = -3*l + 1, 2*d - 13 = -5*l. Is (1 + 52)/(1/l) prime?
True
Is 24/(-16)*986/(-3) a composite number?
True
Suppose -5*f - a = -10308, 3*f + 3*a = 6012 + 168. Is f a composite number?
True
Let k(l) = l**2 - 5*l. Let w be k(5). Let u(q) = q**3 - q**2 + 121. Is u(w) a composite number?
True
Let k(u) = -293*u**3 + u + 1. Is k(-1) prime?
True
Let a be (-35)/(-3) + (-2)/3. Suppose -3*d - 526 = 5*x - a, 4*x - d + 429 = 0. Is (0 + 1)/((-2)/x) a composite number?
False
Let y(p) = -p**2 + 5*p. Let c be y(5). Suppose z + 5*x - 319 = c, z - 2*x = -3*z + 1320. Is z prime?
False
Suppose 3*z + 5 = 4*q, 3*q + 4*z = 57 - 22. Let t = -18 - -4. Let p = q - t. Is p composite?
False
Suppose 0*t - 10 = -5*t. Suppose -t*a = a - 78. Suppose -3*k + 5*k = a. Is k a composite number?
False
Suppose -8 = 2*r - 6*r. Suppose 3*u = a - r*a + 13, -4*u = a - 16. Suppose -2*y - 382 = -a*y. Is y composite?
False
Let q be -903*(16/12)/(-1). Suppose -3*g = 451 - q. Is g composite?
False
Suppose -v - 32 = -3*p, -3*v = -8*v - 25. Suppose -2*a + 219 + p = 0. Let q = -77 + a. Is q a prime number?
True
Suppose 0 = -5*t - 2*h - 20, -2 - 10 = t + 2*h. Let n = -34 + 8. Is 1/(t - 54/n) a prime number?
True
Suppose -3*k = -4*j - 42, 5*j - 14 + 0 = -k. Suppose 1 + k = 5*i. Suppose -2*a + 77 = -5*l, i*a = -4*l - 5 + 86. Is a a prime number?
True
Let x(i) = -i**3 - i**2 + 3*i + 3. Let y be x(3). Is y/8 + 169*2 composite?
True
Suppose 0 = 3*q + 3*y - 3, -q + 2*q - y - 9 = 0. Suppose -q + 1 = -v. Suppose v*t + 2*d = -d + 220, 4*t - 220 = -d. Is t a prime number?
False
Suppose 5*u - 5 = 5. Suppose 90 = u*t - 7*t. Is (-2)/(-9) + (-662)/t a composite number?
False
Let l(a) = a**2 - 6*a - 9. Is l(-4) prime?
True
Let o = -11 + 7. Let t(a) = -a**3 - 3*a**2 + 4*a + 6. Is t(o) a prime number?
False
Suppose 2*s - a = -272 + 2057, 3*s - 2695 = -2*a. Is s a prime number?
False
Let o = 0 - 0. Suppose -5*r + 2*r = 0. Is (15 - (r - o)) + 0 a prime number?
False
Let t = -21 - -30. Let f(q) = 2*q + 1. Is f(t) prime?
True
Let j be (72/15)/((-2)/(-55)). Let b = j - 53. Is b a composite number?
False
Let w(n) = -n**3 - 6*n**2 + 4*n - 7. Let z(q) be the third derivative of q**5/60 - 5*q**4/12 + q**3/3 - q**2. Let k be z(9). Is w(k) a prime number?
False
Let y = -2 - -7. Suppose -3*r - 2 = -y*j - 18, -4*r + j + 10 = 0. Suppose -5*t = -r*t - 93. Is t composite?
False
Suppose 9*s - 50309 = 2*s. Is s prime?
True
Is -15*94/(-3) - 1 a composite number?
True
Let k(p) = -2*p. Let n be k(-9). Suppose r + 1 + 1 = 0, -2*y - 2*r + n = 0. Is y composite?
False
Suppose 47 = -5*r + 182. Let q = 8 + r. Is q composite?
True
Is -2*(-2 - -3) - (-2109)/3 composite?
False
Is (-1 + -1 - 637)*(-19)/57 composite?
True
Suppose -4*p - 793 = -5*t, -2*t - 2*p = -6*t + 632. Is t composite?
False
Suppose 5*u + 18 = q, 2*u - u + 4 = 0. Let l be 23 - (q - -2*1). Is (l/(-4) - -1)*-4 a composite number?
False
Let h(v) = v**2 - 8*v - 7. Let a be h(9). Suppose -a*w - 48 = -454. Is w a composite number?
True
Suppose l - 456 = -110. Suppose 3*s - 5*t = 243 + 28, -t = 4*s - l. Is s a composite number?
True
Let f(a) = -5*a**3 - a**2 - 4*a + 9. Is f(-5) a prime number?
False
Let f(p) = -9*p - 11. Is f(-10) composite?
False
Suppose 3*c + 2*m + 2 = 0, 2*c - m + 2 = -2*m. Let x = c + 4. Is -514*1/(-2) + x composite?
True
Let k = 165 - -134. Is k a prime number?
False
Let w be -1 + 2*1/2. Suppose -2*h + 0 = x - 2, -x - 2 = w. Is h composite?
False
Suppose y = 6*y - 5*r - 3145, -5*y + r + 3153 = 0. Is y composite?
False
Suppose -5 + 7 = v. Suppose v + 146 = 4*i. Is i a composite number?
False
Suppose 7*j - 4*k = 4*j + 675, -5*k + 206 = j. Is j composite?
True
Suppose 0 = g - 0*g + 2*b - 10, 5*b = 5*g + 10. Let t be g + 0 - (-99 + 6). Suppose -v - t = -3*v + 5*s, v = 2*s + 45. Is v a prime number?
False
Let g(u) = -199*u - 5. Is g(-4) composite?
True
Suppose 4*v = -4*m + 1244, -2*m + 0*m + 6 = 0. Suppose -v = -3*u - u. Is u a prime number?
False
Let o be 1*(-5)/(-3 - -2). Suppose 3*u + 2*f - 5*f = -1803, 3017 = -o*u - f. Is u/(-6)*(-2)/(-3) prime?
True
Let h = -19 + 20. Is (2/4)/(h/710) a composite number?
True
Let l(w) = 3*w**3 - 6*w**2 + 2*w + 9. Is l(4) composite?
False
Is 671 + 6/(1/(10/(-15))) a prime number?
False
Suppose 0 = -9*v + 10*v + 5. Let s(t) = 20*t**2 - 3*t + 6. Is s(v) prime?
True
Let j = 736 - 39. Is j composite?
True
Let t = 338 - 171. Let m = t + -48. Is m a composite number?
True
Suppose -5*d + 3*d + 14439 = 5*c, d - 7212 = 5*c. Is d a prime number?
False
Let g(w) = -w**3 - 6*w**2 + 6*w - 9. Let u be g(-7). Is (1 - 37/2)*u composite?
True
Suppose -5*t + 5*h = 760, 6*t + 732 = t - 2*h. Let n = -21 - t. Is n composite?
False
Let o = -2 - -5. Suppose -o*i - 2*i = -725. Is i a prime number?
False
Suppose p - 26 = i + 4*p, 5*i - 2*p + 45 = 0. Let v(d) = d**2 + 10*d + 14. Is v(i) a prime number?
False
Let h(u) = -u + 8. Let l be h(8). Suppose l = -2*r + 71 + 63. Is r a prime number?
True
Suppose -z + 105 = 4*z. Is z prime?
False
Let f(s) = -s - 7 + s**2 - 4*s - 2*s. Let u = -1 - 4. Is f(u) prime?
True
Suppose -228 = -0*z - 4*z. Suppose -3*t + z = -2*t. Is t a prime number?
False
Let i be 524/3*(-6)/4. Let h = i - -428. Suppose 5*f + q - 286 = 0, f - 4*f + h = 2*q. Is f composite?
True
Suppose -5*u - 5*f + 565 = -f, -3*f + 102 = u. Let h = -74 + u. Suppose -4*v = -h - 61. Is v composite?
True
Let l(y) = -y**2 - y. Let v(x) = -x**3 + 7*x**2 + 8*x + 13. Let f(n) = -3*l(n) + v(n). Is f(10) a prime number?
False
Suppose -3*c + 165 + 370 = -2*y, 0 = -3*c - 3*y + 540. Suppose k + 5*a + 59 = 0, 6*a + c = -4*k + 5*a. Let v = k - -163. Is v a prim